the tens digit of 4783?
8
What is the tens digit of 81029?
2
What is the units digit of 529?
9
What is the tens digit of 1298?
9
What is the thousands digit of 5329?
5
What is the units digit of 982?
2
What is the thousands digit of 7716?
7
What is the tens digit of 349?
4
What is the thousands digit of 1110?
1
What is the tens digit of 4797?
9
What is the units digit of 4882?
2
What is the tens digit of 64495?
9
What is the tens digit of 5991?
9
What is the thousands digit of 68565?
8
What is the hundreds digit of 12188?
1
What is the units digit of 66812?
2
What is the tens digit of 32167?
6
What is the hundreds digit of 602?
6
What is the tens digit of 3357?
5
What is the tens digit of 11493?
9
What is the tens digit of 4833?
3
What is the tens digit of 9346?
4
What is the units digit of 70983?
3
What is the tens digit of 13801?
0
What is the units digit of 634?
4
What is the tens digit of 13189?
8
What is the hundreds digit of 895?
8
What is the units digit of 13365?
5
What is the units digit of 2689?
9
What is the hundreds digit of 9555?
5
What is the tens digit of 970?
7
What is the units digit of 1027?
7
What is the units digit of 63?
3
What is the units digit of 3498?
8
What is the thousands digit of 6021?
6
What is the ten thousands digit of 18299?
1
What is the ten thousands digit of 11282?
1
What is the thousands digit of 4222?
4
What is the hundreds digit of 4426?
4
What is the thousands digit of 4080?
4
What is the ten thousands digit of 38434?
3
What is the hundreds digit of 12274?
2
What is the units digit of 68560?
0
What is the hundreds digit of 6320?
3
What is the tens digit of 2048?
4
What is the units digit of 6407?
7
What is the ten thousands digit of 12867?
1
What is the tens digit of 1713?
1
What is the tens digit of 421?
2
What is the tens digit of 19654?
5
What is the thousands digit of 3194?
3
What is the thousands digit of 1953?
1
What is the tens digit of 20152?
5
What is the units digit of 544?
4
What is the thousands digit of 6203?
6
What is the units digit of 42463?
3
What is the hundreds digit of 166?
1
What is the hundreds digit of 7946?
9
What is the units digit of 29424?
4
What is the hundreds digit of 188?
1
What is the units digit of 437?
7
What is the tens digit of 765?
6
What is the tens digit of 4116?
1
What is the units digit of 5713?
3
What is the tens digit of 337?
3
What is the hundreds digit of 198?
1
What is the tens digit of 1231?
3
What is the thousands digit of 12641?
2
What is the thousands digit of 1297?
1
What is the units digit of 118?
8
What is the hundreds digit of 7042?
0
What is the thousands digit of 163446?
3
What is the ten thousands digit of 40466?
4
What is the hundreds digit of 64990?
9
What is the units digit of 220?
0
What is the thousands digit of 1161?
1
What is the hundreds digit of 313?
3
What is the thousands digit of 2961?
2
What is the tens digit of 919?
1
What is the tens digit of 25628?
2
What is the thousands digit of 16151?
6
What is the units digit of 139?
9
What is the tens digit of 533?
3
What is the hundreds digit of 1288?
2
What is the units digit of 38865?
5
What is the tens digit of 15198?
9
What is the thousands digit of 5605?
5
What is the units digit of 6523?
3
What is the ten thousands digit of 72790?
7
What is the tens digit of 13118?
1
What is the ten thousands digit of 31405?
3
What is the thousands digit of 2393?
2
What is the tens digit of 1645?
4
What is the hundreds digit of 54287?
2
What is the tens digit of 2311?
1
What is the thousands digit of 4636?
4
What is the tens digit of 1898?
9
What is the tens digit of 18232?
3
What is the hundreds digit of 82840?
8
What is the tens digit of 579?
7
What is the hundreds digit of 781?
7
What is the ten thousands digit of 32366?
3
What is the tens digit of 406?
0
What is the units digit of 30445?
5
What is the units digit of 13?
3
What is the tens digit of 1132?
3
What is the hundreds digit of 10275?
2
What is the tens digit of 1828?
2
What is the units digit of 9928?
8
What is the hundreds digit of 7984?
9
What is the hundreds digit of 36643?
6
What is the ten thousands digit of 34526?
3
What is the units digit of 1977?
7
What is the units digit of 2003?
3
What is the hundreds digit of 694?
6
What is the hundreds digit of 85723?
7
What is the units digit of 27929?
9
What is the thousands digit of 1071?
1
What is the units digit of 1683?
3
What is the units digit of 1860?
0
What is the hundreds digit of 5197?
1
What is the tens digit of 27186?
8
What is the units digit of 3327?
7
What is the ten thousands digit of 62768?
6
What is the ten thousands digit of 14463?
1
What is the hundreds digit of 10412?
4
What is the units digit of 108381?
1
What is the tens digit of 46932?
3
What is the tens digit of 4149?
4
What is the thousands digit of 3047?
3
What is the tens digit of 12174?
7
What is the hundreds digit of 577?
5
What is the thousands digit of 7998?
7
What is the tens digit of 1065?
6
What is the hundreds digit of 756?
7
What is the units digit of 978?
8
What is the thousands digit of 2600?
2
What is the ten thousands digit of 28745?
2
What is the ten thousands digit of 58153?
5
What is the tens digit of 858?
5
What is the units digit of 27141?
1
What is the thousands digit of 26015?
6
What is the units digit of 67828?
8
What is the hundreds digit of 1724?
7
What is the units digit of 1029?
9
What is the tens digit of 23476?
7
What is the hundred thousands digit of 183986?
1
What is the units digit of 64535?
5
What is the thousands digit of 7683?
7
What is the thousands digit of 12363?
2
What is the tens digit of 37702?
0
What is the hundreds digit of 658?
6
What is the hundreds digit of 2073?
0
What is the tens digit of 44304?
0
What is the tens digit of 56523?
2
What is the hundreds digit of 8040?
0
What is the ten thousands digit of 33955?
3
What is the hundreds digit of 1467?
4
What is the units digit of 639?
9
What is the ten thousands digit of 13156?
1
What is the thousands digit of 12584?
2
What is the thousands digit of 63408?
3
What is the hundreds digit of 6057?
0
What is the ten thousands digit of 12297?
1
What is the tens digit of 2051?
5
What is the tens digit of 1586?
8
What is the thousands digit of 20054?
0
What is the units digit of 680?
0
What is the tens digit of 1125?
2
What is the units digit of 2695?
5
What is the ten thousands digit of 23513?
2
What is the hundreds digit of 3535?
5
What is the units digit of 1743?
3
What is the units digit of 36733?
3
What is the hundreds digit of 1036?
0
What is the thousands digit of 1394?
1
What is the hundreds digit of 43245?
2
What is the tens digit of 992?
9
What is the tens digit of 855?
5
What is the units digit of 385?
5
What is the units digit of 8312?
2
What is the units digit of 2413?
3
What is the thousands digit of 5087?
5
What is the thousands digit of 5658?
5
What is the hundreds digit of 660?
6
What is the units digit of 5551?
1
What is the units digit of 3389?
9
What is the hundreds digit of 2778?
7
What is the tens digit of 92684?
8
What is the ten thousands digit of 18523?
1
What is the units digit of 5814?
4
What is the tens digit of 1607?
0
What is the thousands digit of 5067?
5
What is the thousands digit of 4307?
4
What is the units digit of 10554?
4
What is the hundreds digit of 2176?
1
What is the tens digit of 2525?
2
What is the thousands digit of 26435?
6
What is the units digit of 1604?
4
What is the ten thousands digit of 13398?
1
What is the tens digit of 1241?
4
What is the tens digit of 19702?
0
What is the hundreds digit of 126?
1
What is the hundreds digit of 3428?
4
What is the units digit of 5494?
4
What is the thousands digit of 1203?
1
What is the thousands digit of 26850?
6
What is the hundreds digit of 2217?
2
What is the units digit of 5286?
6
What is the units digit of 2986?
6
What is the tens digit of 14676?
7
What is the thousands digit of 7185?
7
What is the thousands digit of 4939?
4
What is the hundreds digit of 2011?
0
What is the hundreds digit of 11466?
4
What is the tens digit of 50450?
5
What is the hundreds digit of 6579?
5
What is the hundreds digit of 26404?
4
What is the hundreds digit of 1244?
2
What is the units digit of 2303?
3
What is the tens digit of 3296?
9
What is the thousands d